Let c(t) = -t**3 + 16*t**2 - 37*t + 7. Determine c(13).
33
Let n(g) = -g**2 - 22*g + 387. Calculate n(-31).
108
Let f(n) = n**2 + 40*n - 11. Give f(-39).
-50
Let b(u) = -2*u**3 + 20*u**2 - 4*u - 100. Give b(9).
26
Let p(q) = -3*q**3 - 19*q**2 + q + 9. Calculate p(-5).
-96
Let i(m) = 3*m**3 - 50*m**2 + 30*m + 17. Calculate i(16).
-15
Let z(b) = -49*b - 596. Give z(-12).
-8
Let v(f) = 7*f**2 + 23*f + 54. Calculate v(-4).
74
Let r(l) = 2*l**2 + 4*l - 665. Calculate r(-20).
55
Let n(x) = -11*x**2 - 8*x - 18. Calculate n(-4).
-162
Let t(b) = 20*b**2 - 617*b - 81. Determine t(31).
12
Let z(n) = 38*n - 1295. Determine z(34).
-3
Let i(w) = w**2 - 16*w - 21. Determine i(18).
15
Let r(n) = -5*n**3 - 10*n**2 - 10*n - 2. Determine r(-1).
3
Let n(u) = 2*u**2 + 646*u - 9440. Determine n(14).
-4
Let s(w) = w**3 - 76*w**2 - 16*w + 6886. What is s(75)?
61
Let q(y) = -y**3 - 94*y**2 - 5*y - 445. Determine q(-94).
25
Let b(s) = -1846*s - 5. Calculate b(0).
-5
Let s(f) = -65*f - 172. Calculate s(-6).
218
Let u(n) = 352*n - 2111. Determine u(6).
1
Let q(s) = s**2 - 13*s - 36. Determine q(-6).
78
Let n(t) = -2*t + 39. What is n(8)?
23
Let f(v) = 2*v**2 - 423*v - 850. Give f(-2).
4
Let s(i) = 5*i**3 + 27*i**2 - 102*i + 21. Determine s(-8).
5
Let h(x) = -6*x**2 - 262*x - 2155. Determine h(-11).
1
Let r(b) = -b**3 + 13*b**2 + 115*b - 23. Give r(19).
-4
Let t(x) = 13*x**2 - 18*x + 5. Calculate t(4).
141
Let z(q) = -q**3 - 22*q**2 - 36*q - 353. What is z(-21)?
-38
Let b(w) = -w**3 - 2*w**2 - 6*w - 5. What is b(-1)?
0
Let x(b) = -153*b + 2403. Calculate x(15).
108
Let n(l) = l**3 + 14*l**2 + 65*l + 21. Calculate n(-9).
-159
Let d(z) = 16*z + 212. Calculate d(-11).
36
Let n(o) = o**3 + 26*o**2 - 55*o - 4. Give n(-28).
-32
Let i(p) = 3*p**2 - 27*p + 82. Determine i(3).
28
Let a(p) = -p**2 - 15*p + 8142. What is a(-98)?
8
Let x(m) = -126*m + 962. What is x(6)?
206
Let s(m) = m**3 - 14*m**2 - 2*m - 174. What is s(15)?
21
Let a(m) = 13*m**2 + 19*m - 83. Give a(4).
201
Let w(h) = -21*h - 253. Determine w(-17).
104
Let u(i) = i**3 + 12*i**2 + 88*i + 454. What is u(-8)?
6
Let t(c) = -8*c**2 + 120*c + 132. What is t(16)?
4
Let h(f) = -f**3 - 18*f**2 - 22*f - 74. What is h(-17)?
11
Let d(y) = y**3 - 4*y**2 - 10*y + 72. Determine d(5).
47
Let l(i) = 31*i - 1049. Calculate l(34).
5
Let x(h) = 3*h**2 + 21*h - 51. Determine x(-9).
3
Let r(g) = 2*g**3 + 28*g**2 + 8*g + 26. Calculate r(-14).
-86
Let k(a) = a**3 - 39*a**2 + a - 53. Give k(39).
-14
Let p(n) = n**2 - 5*n - 30. Determine p(-4).
6
Let w(u) = 1452*u - 10148. Calculate w(7).
16
Let a(b) = 486*b - 1483. Determine a(3).
-25
Let h(v) = 4*v**2 + 77*v + 32. Give h(-19).
13
Let y(z) = z**3 - 18*z**2 + 69*z - 16. Calculate y(13).
36
Let y(n) = n**2 - 348*n + 27565. Give y(226).
-7
Let s(x) = x**2 + 67*x + 620. Determine s(-11).
4
Let r(o) = -266*o + 16483. Give r(62).
-9
Let i(s) = -s**3 - 12*s**2 + 62*s + 649. Give i(-13).
12
Let x(p) = -34*p + 580. What is x(17)?
2
Let u(d) = 2286*d + 2293. Determine u(-1).
7
Let y(v) = v**3 + 5*v**2 + 15*v - 89. Calculate y(-6).
-215
Let d(s) = 9*s**3 - 41*s**2 + s + 66. What is d(6)?
540
Let g(r) = -3*r**2 + 53*r + 4. Determine g(18).
-14
Let c(h) = h**3 - 25*h**2 + 106*h + 42. Determine c(6).
-6
Let r(g) = -32*g + 598. What is r(18)?
22
Let x(r) = 629*r + 170. Determine x(-1).
-459
Let v(g) = 120*g - 864. What is v(7)?
-24
Let k(c) = 489*c + 5. Give k(1).
494
Let i(j) = j**3 - 96*j**2 + 345*j + 2134. What is i(92)?
18
Let r(j) = -2*j - 101. Determine r(-17).
-67
Let q(d) = -12*d**2 - 61*d + 22. Give q(-5).
27
Let j(s) = -s**3 - 8*s**2 - 12*s - 7. Give j(-6).
-7
Let p(g) = g**2 - 3*g - 53. Determine p(0).
-53
Let j(w) = 106*w - 10917. What is j(103)?
1
Let p(t) = 4*t**3 - t**2 + t. What is p(-3)?
-120
Let c(f) = -f**2 - 147*f - 2698. Give c(-125).
52
Let f(h) = -6*h - 51. Calculate f(-8).
-3
Let c(s) = -s**3 - 6*s**2 + 19*s - 119. Determine c(5).
-299
Let u(i) = i**3 - 4*i**2 + 26*i - 239. What is u(6)?
-11
Let a(q) = -2*q**3 + 35*q - 8. Give a(-3).
-59
Let t(b) = -2*b**2 - 1298*b - 28790. Determine t(-23).
6
Let u(t) = -2*t**2 + 643*t - 50696. Determine u(183).
-5
Let b(n) = 128*n**2 - 14*n + 1. What is b(1)?
115
Let b(n) = 1498*n + 5976. Determine b(-4).
-16
Let r(t) = 3*t**2 + 7*t - 12. What is r(1)?
-2
Let d(q) = 2200*q - 15407. Give d(7).
-7
Let x(q) = -11*q**2 - 65*q + 10. What is x(0)?
10
Let l(p) = -p**2 + 47*p + 645. Determine l(-11).
7
Let a(t) = t**2 + 279*t + 11623. Calculate a(-228).
-5
Let y(h) = h**2 + 105*h - 2207. What is y(18)?
7
Let r(a) = -3*a**3 + 3*a**2 + 67*a + 5. Determine r(-5).
120
Let r(f) = -716*f - 15724. What is r(-22)?
28
Let z(w) = -48*w - 3638. What is z(-76)?
10
Let u(l) = l**3 + 23*l**2 + 45*l. Determine u(-2).
-6
Let t(c) = c**3 - 11*c**2 + 109*c - 452. Give t(6).
22
Let o(t) = -89*t + 49. Give o(4).
-307
Let o(p) = -p**2 + 25*p + 48. Determine o(30).
-102
Let k(w) = -17*w**2 + 7*w + 8. Give k(-1).
-16
Let o(p) = -29*p**2 + 139*p + 11. Determine o(0).
11
Let r(l) = -l**2 + 8*l - 1. Determine r(-3).
-34
Let s(g) = 6*g**2 + 9*g + 16. Give s(-8).
328
Let c(t) = 3*t**2 + 5*t - 22. Give c(-9).
176
Let z(m) = -342*m - 1027. What is z(-3)?
-1
Let k(q) = -28*q**2 - 782*q + 59. Determine k(-28).
3
Let p(h) = -2*h**3 - 74*h**2 - 177*h - 1315. What is p(-35)?
-20
Let n(q) = -q**2 - 34*q - 95. Give n(-28).
73
Let m(v) = 49*v**2 - 19*v - 18. Determine m(-1).
50
Let a(k) = -2*k**2 + k + 337. Calculate a(0).
337
Let y(i) = -3*i**2 - 211*i - 2293. Give y(-57).
-13
Let t(a) = -a**3 - 13*a**2 - 40*a - 28. Give t(-9).
8
Let k(p) = 172*p**3 - 37*p**2 - 35*p + 2. Give k(-1).
-172
Let s(j) = -3*j**2 - 24*j - 29. Determine s(-15).
-344
Let t(i) = -2*i**3 + 9*i**2 + 14*i + 1. Give t(-4).
217
Let m(p) = -15*p**2 + 199*p - 402. Give m(11).
-28
Let k(q) = -103*q**3 - 516*q**2 - 4*q - 16. Determine k(-5).
-21
Let n(u) = -154*u - 475. What is n(-10)?
1065
Let j(m) = 5*m**2 - 97*m + 395. Give j(13).
-21
Let u(v) = -1165*v + 9328. Determine u(8).
8
Let s(z) = -z**2 - 4*z + 201. Determine s(14).
-51
Let p(k) = k**2 + 126*k + 1471. Give p(-113).
2
Let l(k) = -k - 74. Calculate l(-12).
-62
Let x(p) = -105*p + 203. What is x(2)?
-7
Let c(g) = g**2 - 20*g + 39. Determine c(5).
-36
Let j(u) = 4*u**2 + 17*u + 52. What is j(-6)?
94
Let y(c) = -8*c + 221. Determine y(29).
-11
Let u(d) = 89*d - 2052. Calculate u(23).
-5
Let s(o) = 16*o + 920. Give s(-58).
-8
Let i(n) = 5*n**2 - 13*n - 21. Determine i(5).
39
Let q(y) = 135*y**2 + 10*y - 22. Calculate q(2).
538
Let h(n) = -14*n + 196. Determine h(15).
-14
Let l(o) = o**2 - 5*o - 35. What is l(11)?
31
Let j(r) = -2*r**2 - 311*r - 1935. Give j(-149).
2
Let z(t) = -t**2 + 16*t + 15. Give z(-14).
-405
Let u(o) = -887*o + 5315. What is u(6)?
-7
Let s(m) = 2*m**3 - 3*m**2 + 16. Determine s(-2).
-12
Let j(n) = 1854*n - 3705. Determine j(2).
3
Let l(u) = -13*u - 153. Calculate l(-12).
3
Let a(k) = 26*k**2 + 19*k + 88. Give a(-6).
910
Let q(j) = -35*j**2 + 622*j - 17. Give q(18).
-161
Let d(z) = z**3 - 35*z**2 - 33*z + 15. Determine d(36).
123
Let z(f) = f**3 - 2*f**2 - 23*f + 16. Give z(-5).
-44
Let a(y) = 41*y + 582. Determine a(-13).
49
Let n(o) = o**3 + 51*o**2 - 108*o - 109. Give n(-53).
-3
Let x(o) = 2*o**3 - 99*o**2 + 17*o - 3346. Determine x(50).
4
Let s(g) = g**3 + 7*g**2 - 239*g - 13. What is s(-19)?
196
Let l(w) = w**3 + 35*w**2 + 288*w - 237. Give l(-20).
3
Let f(j) = -j**3 - 13*j**2 - 37*j - 18. Calculate f(-10).
52
Let t(f) = 3*f**2 - 58*f - 93. Determine t(21).
12
Let c(v) = v**2 + 58*v + 168. What is c(-61)?
351
Let p(g) = 2282*g + 6825. What is p(-3)?
-21
Let f(q) = -13*q**2 + 19*q + 77. What is f(3)?
17
Let z(k) = -19*k**3 - 231*k**2 - 14*k + 274. Calculate z(-12).
10
Let i(g) = -5*g**2 + 34*g + 6. Determine i(6).
30
Let o(z) = 551*z - 13770. Determine o(25).
5
Let q(c) = c**3 - 8*c**2 - 26. Determine q(6).
-98
Let v(m) = -m**3 + 8*m**2 + 93*m - 71. Give v(14).
55
Let j(r) = 3*r**2 + 19*r - 145. Determine j(-11).
9
Let k(t) = t**3 + 11*t**2 + 30*t + 24. Determine k(-2).
0
Let t(q) = -q**3 + 6*q**2 - 7*q - 10. Give t(4).
-6
Let t(o) = 11*o**3 - 51*o**2 + 33*o - 6. Determine t(4).
14
Let f(a) = -22*a + 427. What is f(19)?
9
Let g(j) = 198*j**2 - 595*j - 22. Determine g(3).
-25
Let p(v) = -v**3 - v**2 - 115*v + 16. What is p(0)?
16
Let q(r) =